 495324.
2164
What is the remainder when 234540806 is divided by 1893?
1892
What is the remainder when 134830 is divided by 162?
46
What is the remainder when 3922622 is divided by 4813?
27
Calculate the remainder when 670370 is divided by 1278.
698
What is the remainder when 97472 is divided by 20?
12
What is the remainder when 518232 is divided by 44?
0
Calculate the remainder when 100784363 is divided by 12131.
15
Calculate the remainder when 607723 is divided by 303805.
113
What is the remainder when 88441 is divided by 446?
133
What is the remainder when 6308596 is divided by 86419?
9
What is the remainder when 58745 is divided by 128?
121
Calculate the remainder when 1722811 is divided by 589.
575
Calculate the remainder when 75016 is divided by 14506.
2486
What is the remainder when 1950094 is divided by 975004?
86
Calculate the remainder when 9798 is divided by 7641.
2157
Calculate the remainder when 603216 is divided by 1460.
236
What is the remainder when 250489 is divided by 496?
9
Calculate the remainder when 150312770 is divided by 154.
146
Calculate the remainder when 62199 is divided by 15546.
15
What is the remainder when 348411 is divided by 729?
678
Calculate the remainder when 15573831 is divided by 6.
3
Calculate the remainder when 71294 is divided by 598.
132
What is the remainder when 447659671 is divided by 202?
199
Calculate the remainder when 474146 is divided by 444.
398
What is the remainder when 21018 is divided by 2855?
1033
What is the remainder when 3474525 is divided by 87?
6
What is the remainder when 5722321 is divided by 95?
91
What is the remainder when 27893815 is divided by 9?
7
What is the remainder when 830045 is divided by 17651?
448
What is the remainder when 718821 is divided by 119681?
735
Calculate the remainder when 11981663 is divided by 8540.
43
What is the remainder when 8876427 is divided by 505?
42
What is the remainder when 217652 is divided by 3751?
94
Calculate the remainder when 6667193 is divided by 1005.
23
Calculate the remainder when 24109011 is divided by 65.
56
What is the remainder when 108913 is divided by 248?
41
Calculate the remainder when 58303 is divided by 8329.
0
What is the remainder when 139278 is divided by 6957?
138
What is the remainder when 55707147 is divided by 5025?
5022
Calculate the remainder when 717086 is divided by 379.
18
What is the remainder when 117070 is divided by 11704?
30
Calculate the remainder when 14281278 is divided by 17.
3
What is the remainder when 1603465 is divided by 441?
430
What is the remainder when 810481 is divided by 6810?
91
What is the remainder when 8490442 is divided by 2122487?
494
What is the remainder when 271771 is divided by 267431?
4340
Calculate the remainder when 208246 is divided by 69383.
97
What is the remainder when 1248729 is divided by 2468?
2389
What is the remainder when 45149392 is divided by 3336?
3304
Calculate the remainder when 14362 is divided by 476.
82
What is the remainder when 776903 is divided by 507?
179
Calculate the remainder when 284725 is divided by 5693.
75
What is the remainder when 1723522 is divided by 1060?
1022
What is the remainder when 253038 is divided by 3412?
550
What is the remainder when 10087668 is divided by 2521915?
8
What is the remainder when 1910273 is divided by 427?
302
What is the remainder when 11839091 is divided by 54?
23
Calculate the remainder when 207216 is divided by 279.
198
Calculate the remainder when 64682 is divided by 377.
215
Calculate the remainder when 15087237 is divided by 5987.
5984
What is the remainder when 5368703 is divided by 88?
87
Calculate the remainder when 20547054 is divided by 947.
942
What is the remainder when 1558435 is divided by 389564?
179
Calculate the remainder when 156766646 is divided by 26028.
2
Calculate the remainder when 711983 is divided by 3670.
3
Calculate the remainder when 1870857 is divided by 143897.
196
Calculate the remainder when 83013668 is divided by 28.
24
Calculate the remainder when 13765 is divided by 842.
293
Calculate the remainder when 221026 is divided by 877.
22
What is the remainder when 97712 is divided by 97330?
382
Calculate the remainder when 377656 is divided by 377017.
639
What is the remainder when 175642722 is divided by 920?
2
Calculate the remainder when 212358251 is divided by 70786073.
32
What is the remainder when 11129517 is divided by 240?
237
What is the remainder when 100216 is divided by 7154?
60
Calculate the remainder when 32584312 is divided by 813.
85
Calculate the remainder when 1518942 is divided by 850.
842
Calculate the remainder when 34490 is divided by 64.
58
What is the remainder when 18654463 is divided by 41?
37
What is the remainder when 344745 is divided by 421?
367
What is the remainder when 174870909 is divided by 162?
9
Calculate the remainder when 6890587 is divided by 5146.
93
Calculate the remainder when 8248055 is divided by 350.
305
What is the remainder when 27904844 is divided by 321?
314
Calculate the remainder when 190193 is divided by 3397.
3358
Calculate the remainder when 2576023 is divided by 575.
23
Calculate the remainder when 251195 is divided by 955.
30
Calculate the remainder when 10672835 is divided by 20.
15
What is the remainder when 129449264 is divided by 46598?
20
What is the remainder when 11101259 is divided by 584?
3
Calculate the remainder when 219416 is divided by 13.
2
What is the remainder when 101591 is divided by 162?
17
Calculate the remainder when 304937 is divided by 27669.
578
What is the remainder when 191912 is divided by 95698?
516
Calculate the remainder when 23779439 is divided by 1212.
1211
Calculate the remainder when 5653290 is divided by 411.
396
What is the remainder when 124590221 is divided by 11?
8
Calculate the remainder when 129697679 is divided by 210.
209
What is the remainder when 35869 is divided by 1575?
1219
Calculate the remainder when 360613 is divided by 1928.
77
Calculate the remainder when 166612 is divided by 6402.
160
What is the remainder when 8084889 is divided by 49?
36
What is the remainder when 1870119 is divided by 401?
256
Calculate the remainder when 1503955 is divided by 16893.
478
What is the remainder when 4393024 is divided by 1753?
6
What is the remainder when 33398 is divided by 4771?
1
Calculate the remainder when 1839819 is divided by 271.
0
What is the remainder when 986465 is divided by 161?
18
Calculate the remainder when 4722051 is divided by 472.
163
What is the remainder when 6583869 is divided by 192?
189
Calculate the remainder when 430511 is divided by 458.
449
Calculate the remainder when 3656324 is divided by 1828093.
138
What is the remainder when 62707865 is divided by 47?
42
Calculate the remainder when 100838406 is divided by 84667.
9
Calculate the remainder when 11351480 is divided by 250.
230
Calculate the remainder when 7926033 is divided by 1981502.
25
Calculate the remainder when 122792 is divided by 39688.
3728
Calculate the remainder when 49658 is divided by 5519.
5506
What is the remainder when 220261 is divided by 16711?
3018
Calculate the remainder when 496590 is divided by 1411.
1329
What is the remainder when 4053553 is divided by 2543?
11
What is the remainder when 23944275 is divided by 9039?
9003
What is the remainder when 342174 is divided by 342103?
71
Calculate the remainder when 25574 is divided by 85.
74
What is the remainder when 76702 is divided by 241?
64
Calculate the remainder when 126194 is divided by 20770.
1574
What is the remainder when 107082 is divided by 1404?
378
Calculate the remainder when 20909148 is divided by 1393940.
48
What is the remainder when 1963155 is divided by 2979?
2973
What is the remainder when 22339967 is divided by 163?
2
What is the remainder when 2297317 is divided by 2748?
2737
What is the remainder when 72856 is divided by 14567?
21
What is the remainder when 805283748 is divided by 1250?
1248
Calculate the remainder when 941837 is divided by 433.
62
What is the remainder when 3445440 is divided by 2910?
0
Calculate the remainder when 156810 is divided by 3087.
2460
Calculate the remainder when 2307731 is divided by 403.
153
Calculate the remainder when 19358072 is divided by 11.
8
What is the remainder when 232626 is divided